en millions digit of 29959103?
2
What is the tens digit of 4011865?
6
What is the ten thousands digit of 798172?
9
What is the millions digit of 6727707?
6
What is the hundreds digit of 5359090?
0
What is the ten thousands digit of 10006724?
0
What is the tens digit of 1289689?
8
What is the thousands digit of 2255278?
5
What is the hundred thousands digit of 154385?
1
What is the ten thousands digit of 719836?
1
What is the hundred thousands digit of 16125168?
1
What is the units digit of 1136824?
4
What is the hundreds digit of 323662?
6
What is the hundreds digit of 4977837?
8
What is the thousands digit of 478924?
8
What is the units digit of 11521823?
3
What is the hundred thousands digit of 12712063?
7
What is the ten thousands digit of 1415070?
1
What is the ten thousands digit of 13943601?
4
What is the hundreds digit of 87125?
1
What is the hundred thousands digit of 293294?
2
What is the units digit of 546479?
9
What is the hundred thousands digit of 155261?
1
What is the ten millions digit of 22844988?
2
What is the tens digit of 179130?
3
What is the tens digit of 555985?
8
What is the ten thousands digit of 1418868?
1
What is the thousands digit of 509996?
9
What is the units digit of 1120800?
0
What is the millions digit of 1238943?
1
What is the tens digit of 266580?
8
What is the millions digit of 6973433?
6
What is the ten thousands digit of 690987?
9
What is the ten thousands digit of 3851761?
5
What is the tens digit of 1199775?
7
What is the thousands digit of 223829?
3
What is the hundreds digit of 841394?
3
What is the thousands digit of 3710732?
0
What is the millions digit of 8271402?
8
What is the hundred thousands digit of 127335?
1
What is the tens digit of 3148123?
2
What is the ten thousands digit of 15470255?
7
What is the thousands digit of 173964?
3
What is the hundred thousands digit of 11847639?
8
What is the units digit of 235689?
9
What is the tens digit of 447133?
3
What is the units digit of 18921439?
9
What is the hundreds digit of 2683702?
7
What is the hundred thousands digit of 11632304?
6
What is the hundred thousands digit of 34110879?
1
What is the hundred thousands digit of 8073930?
0
What is the units digit of 3299064?
4
What is the hundreds digit of 156082?
0
What is the ten thousands digit of 511413?
1
What is the thousands digit of 268551?
8
What is the hundreds digit of 698252?
2
What is the hundred thousands digit of 23172505?
1
What is the hundreds digit of 5029591?
5
What is the tens digit of 13497?
9
What is the millions digit of 6751153?
6
What is the tens digit of 2006172?
7
What is the millions digit of 13093504?
3
What is the tens digit of 27934270?
7
What is the tens digit of 5939709?
0
What is the millions digit of 15766532?
5
What is the millions digit of 5194713?
5
What is the tens digit of 94735?
3
What is the hundreds digit of 10363223?
2
What is the ten thousands digit of 3209441?
0
What is the thousands digit of 252456?
2
What is the thousands digit of 176108?
6
What is the hundred thousands digit of 3205626?
2
What is the ten millions digit of 28239755?
2
What is the units digit of 94913?
3
What is the units digit of 4922915?
5
What is the thousands digit of 233843?
3
What is the hundred thousands digit of 13694234?
6
What is the tens digit of 3662054?
5
What is the ten thousands digit of 270019?
7
What is the thousands digit of 1838840?
8
What is the ten thousands digit of 75990?
7
What is the hundreds digit of 780473?
4
What is the hundred thousands digit of 602635?
6
What is the ten thousands digit of 420396?
2
What is the thousands digit of 106393?
6
What is the ten thousands digit of 1224996?
2
What is the thousands digit of 32158435?
8
What is the ten thousands digit of 48162?
4
What is the units digit of 181985?
5
What is the hundreds digit of 12169250?
2
What is the hundred thousands digit of 38400154?
4
What is the thousands digit of 3147086?
7
What is the thousands digit of 774844?
4
What is the tens digit of 423179?
7
What is the thousands digit of 31471?
1
What is the hundred thousands digit of 222496?
2
What is the hundred thousands digit of 589693?
5
What is the hundred thousands digit of 5983332?
9
What is the hundred thousands digit of 127817?
1
What is the ten thousands digit of 531241?
3
What is the tens digit of 559812?
1
What is the hundred thousands digit of 27948154?
9
What is the ten thousands digit of 393077?
9
What is the hundreds digit of 9028172?
1
What is the tens digit of 934373?
7
What is the units digit of 137040?
0
What is the hundred thousands digit of 675719?
6
What is the tens digit of 1877870?
7
What is the units digit of 6606683?
3
What is the units digit of 196662?
2
What is the hundred thousands digit of 13303122?
3
What is the hundred thousands digit of 15330539?
3
What is the hundred thousands digit of 313179?
3
What is the hundreds digit of 64252?
2
What is the units digit of 8100996?
6
What is the ten thousands digit of 4220035?
2
What is the hundred thousands digit of 258617?
2
What is the millions digit of 4147079?
4
What is the hundreds digit of 255243?
2
What is the hundred thousands digit of 519227?
5
What is the units digit of 6040601?
1
What is the hundred thousands digit of 10970283?
9
What is the hundred thousands digit of 713863?
7
What is the ten thousands digit of 315207?
1
What is the units digit of 2416814?
4
What is the units digit of 4488748?
8
What is the thousands digit of 474250?
4
What is the units digit of 587689?
9
What is the hundred thousands digit of 246765?
2
What is the hundreds digit of 8889933?
9
What is the hundred thousands digit of 6842772?
8
What is the hundreds digit of 4471009?
0
What is the thousands digit of 180469?
0
What is the ten thousands digit of 148040?
4
What is the thousands digit of 711195?
1
What is the thousands digit of 61873?
1
What is the units digit of 83680?
0
What is the units digit of 26984754?
4
What is the millions digit of 1595005?
1
What is the hundreds digit of 330936?
9
What is the millions digit of 4408041?
4
What is the units digit of 43505?
5
What is the millions digit of 13370708?
3
What is the ten thousands digit of 3754793?
5
What is the hundreds digit of 119092?
0
What is the hundred thousands digit of 567773?
5
What is the hundreds digit of 4553315?
3
What is the millions digit of 1130135?
1
What is the ten thousands digit of 46550?
4
What is the hundreds digit of 44171?
1
What is the hundreds digit of 39954?
9
What is the hundreds digit of 249329?
3
What is the ten thousands digit of 688530?
8
What is the tens digit of 166837?
3
What is the hundreds digit of 283440?
4
What is the millions digit of 15652776?
5
What is the hundred thousands digit of 2186898?
1
What is the tens digit of 550898?
9
What is the units digit of 203696?
6
What is the hundreds digit of 1431440?
4
What is the hundreds digit of 131140?
1
What is the hundred thousands digit of 294231?
2
What is the hundred thousands digit of 3047096?
0
What is the hundreds digit of 508721?
7
What is the units digit of 1312786?
6
What is the units digit of 154287?
7
What is the units digit of 1665699?
9
What is the tens digit of 332593?
9
What is the hundreds digit of 294031?
0
What is the tens digit of 138468?
6
What is the units digit of 60422?
2
What is the hundred thousands digit of 1173445?
1
What is the hundred thousands digit of 3255828?
2
What is the thousands digit of 242329?
2
What is the tens digit of 11923233?
3
What is the hundred thousands digit of 1270946?
2
What is the hundreds digit of 150640?
6
What is the units digit of 3626528?
8
What is the hundreds digit of 10972619?
6
What is the hundreds digit of 613275?
2
What is the ten thousands digit of 1640899?
4
What is the thousands digit of 405981?
5
What is the hundreds digit of 9038116?
1
What is the tens digit of 307447?
4
What is the units digit of 1621813?
3
What is the tens digit of 366981?
8
What is the hundreds digit of 32815582?
5
What is the ten thousands digit of 277152?
7
What is the tens digit of 298298?
9
What is the hundred thousands digit of 127647?
1
What is the units digit of 6821752?
2
What is the thousands digit of 109634?
9
What is the hundred thousands digit of 129242?
1
What is the ten thousands digit of 730963?
3
What 